uppose -2*d - 10 = -4*b, 2*d + 31 = 4*b + 7*d. Let c(w) = -5*w + 3. Let o(t) = -24*t + 16. Let m = -37 + 51. Let p(n) = m*c(n) - 3*o(n). Determine p(b).
2
Suppose -4*m - 20 = 0, -50*m - 127 = -4*v - 47*m. Let r(c) be the first derivative of -7/3*c**3 + 3*c + 1/4*c**4 + 2*c**2 + v. Give r(6).
-9
Let p(w) be the third derivative of w**5/30 - w**4/24 - 2*w**3/3 + 4*w**2 + 4. Let n = -138 + 102. Let a be 20/9 + 1 + 8/n. What is p(a)?
11
Let j(v) = 2*v**3 + 3*v**2 - 17*v - 4. Suppose -23*q = 43 + 55 - 6. Give j(q).
-16
Let v(r) = r**3 - 10*r - 1. Suppose 138 = 42*w - 26*w + 30*w. Give v(w).
-4
Let m(y) = -556*y + 1024. Let p(f) = 157*f - 256. Let o(w) = -4*m(w) - 15*p(w). Give o(-2).
6
Let n(u) = 2*u**3 - 2*u**2. Let t(h) = -2*h**2 - 11*h + 16. Let k(z) = -n(z) - t(z). Determine k(3).
-1
Suppose 95 = -423*t - 2443. Let r(d) = -d**3 - 2*d**2 + 29*d + 34. What is r(t)?
4
Let w(j) = j**3 + 12*j**2 - 12*j + 18. Let h(q) = -q**2 + 14*q - 21. Let n be h(8). Suppose -5*k = 4*v + 30 + n, 58 = -4*k + 3*v. Determine w(k).
5
Suppose -2*t = 3*t - 55. Let a(k) = -3*k - t*k + 15*k. Suppose -40 = 2*r + 3*r + 3*h, -3*r - 24 = -4*h. What is a(r)?
-8
Let h(q) be the first derivative of 5*q + 7/2*q**2 - 1/3*q**3 + 29. Suppose 26 = 6*w - 3*w - 5*p, 29 = 4*w - p. Determine h(w).
5
Suppose 0 = 62*s - 72 + 506. Let n(g) = g**3 + 8*g**2 + 9*g. Give n(s).
-14
Let h(l) = 2249 + 13*l - 2204 - 4*l. Calculate h(-5).
0
Let i(d) = -d**2 + 2*d - 1. Let k(m) = m**2 - 3*m + 2. Let o(q) = -3*i(q) - 4*k(q). Let z be (-5)/(-10)*10 - 502/251*(-1)/2. Give o(z).
-5
Let i(u) = u**2 - 4*u + 8. Let g = -55 + 4. Let s = -23 + 80. Let y = s + g. Give i(y).
20
Let n(f) be the first derivative of f**3/3 + 7*f**2/2 + 2*f - 6210. Let l = 4 - 11. Give n(l).
2
Let y be (-324)/45 + (-8)/10. Let a(q) = -26*q**3 - 9*q**2 + 7*q + 19. Let x(l) = 23*l**3 + 7*l**2 - 7*l - 17. Let m(n) = -8*a(n) - 9*x(n). What is m(y)?
9
Let j(q) = 45 - q + 38 - 126 + 45. What is j(19)?
-17
Suppose 6*y + 0*y = 0. Suppose 11 = -c - 4*p, -3*c - 4*p - 23 + 6 = y. Let t(k) = k**2 + 3*k - 2. Determine t(c).
-2
Let p(k) = -k - 10. Suppose -145*q + 141*q = 20. Let g be (-5)/(-5) - 5/(q/2). Suppose -3*x = -8*x - 3*d - 65, -g*x = -3*d + 15. What is p(x)?
0
Let c(v) = -v**2 - 1. Suppose -3*z - a = -9, 17*a - 15*a = -2*z + 6. Suppose 8*b = 7*b + 4*i + 4, -z*b + 3*i = -3. Calculate c(b).
-1
Suppose 2*p - 3*r - 77 + 63 = 0, -r = 5*p - 1. Let i(y) = 8*y**2 - y. Calculate i(p).
7
Suppose 67 = 3*d - 5*l, 257*d + 44 = 261*d - l. Let r(v) = 3*v - 2. Give r(d).
25
Let q(a) = -3*a - 6. Let s(h) = 17*h + 90. Let j be s(-5). Suppose j*g - 10 = 0, -10*r = -13*r - 2*g - 5. Calculate q(r).
3
Let i(f) = -7*f**3 + 9*f**2 + 2*f - 9. Let k be i(1). Let x(t) = -2*t**2 - 8*t - 11. Give x(k).
-21
Suppose -4*p + 15 = 3*b, -5*p + 23 = 2*b + 6. Let h(i) = 170 - 175 + 6*i - p*i. What is h(8)?
19
Let u = -58 + 60. Let s(b) = 3*b - 8*b - b**u + 5 + 6*b - 6*b. Determine s(-5).
5
Let f be 424/14 - (-4)/(-14). Let q be 1/(-3*(-5)/f). Let h(s) = 43*s**2 - 80*s**2 + 42*s**2 - q. Calculate h(-2).
18
Let q(d) be the second derivative of -5*d**2 - 2/3*d**4 - 155*d + 0 + 4/3*d**3 + 1/20*d**5. What is q(7)?
-3
Suppose 0 = n - 6*h - 12, 2*n + 16 = 24*h - 22*h. Let w(l) = 2*l**2 + 21*l - 47. Determine w(n).
-11
Let t be (-6)/(-2) - (-2)/(-8)*-4. Let g(z) = -6*z + 4. Let c be (-2)/(-4) + (-132)/(-24). Let i(p) = 18*p - 12. Let h(y) = c*i(y) + 17*g(y). Calculate h(t).
20
Let u(k) = -k**3 + 8*k**2 + 5. Let t be u(8). Suppose -t*b + 6*o - 12 = 2*o, 4*b = 2*o - 12. Let n(w) = -2 - 1386*w**2 + 4 + 1387*w**2 + 8*w. Give n(b).
-14
Suppose 76*s - 109*s - 76 - 122 = 0. Let l(x) = -4*x**2 - 8*x - 15. Determine l(s).
-111
Let o = 13 - 7. Let i(y) be the first derivative of y**2/2 - 7*y + 1318. Give i(o).
-1
Let a(g) be the third derivative of g**4/12 - g**3/2 + 37*g**2. Suppose m + 6 - 21 = 0. Suppose 3*y = u + 1, -5*y - u + m = -0*u. What is a(y)?
1
Let x(v) = -138*v**3 + 3205 + 130*v**3 + 2*v**2 - 3209 + v. What is x(2)?
-58
Let g(k) be the third derivative of k**8/20160 + k**7/1260 - k**6/120 - 14*k**5/15 - 2*k**2 + 10*k. Let c(i) be the third derivative of g(i). Calculate c(-6).
6
Suppose 63*v - 78*v = 105. Let m(o) = -o**2 - 20*o + 9 + 1 - 5*o**2 + 30*o - o**3. What is m(v)?
-11
Let l(v) be the third derivative of v**6/120 + 7*v**5/60 - 2*v**4/3 + v**3/2 - 1666*v**2. What is l(-9)?
-15
Let t(h) = h - 1. Let w = -12006 + 11990. Determine t(w).
-17
Let j(z) be the first derivative of -z**2/2 - 2*z - 1. Let u be (-5 - -4)*58/(-1). Let r = u - 55. Calculate j(r).
-5
Let a = 5727 - 5724. Let j(w) be the second derivative of 0 + 6*w**2 - 1/6*w**a - 3*w. Give j(5).
7
Let k(f) be the second derivative of 51*f**5/20 - f**4/12 - 2*f**3/3 + 2*f**2 + 469*f - 1. Give k(1).
50
Let g(v) = v**3 - 3*v**2 + v - 3. Let i be g(3). Let r(z) = -7*z + i - 15*z**2 + 14*z**2 - 1. Determine r(-7).
-1
Suppose k = -36 + 33. Let d(z) = 6*z + 21. Give d(k).
3
Let o(h) = h**2 - 23314 + 23314 + 4*h**3. Let i = 20 - 18. Suppose 1 - i = -a. Calculate o(a).
5
Let x(l) = l - 12. Let r be x(17). Let g(v) = v**3 + v**2 - 6. Let k(t) = t**2 + t - 1. Let w(f) = -g(f) + 5*k(f). Determine w(r).
1
Let n(x) = 4*x - 2. Let j(v) = -3*v + 55. Let q(g) = 3*j(g) + 6*n(g). Determine q(-9).
18
Let g be (2 + 2 + -11)/1. Let m(q) be the third derivative of -q**4/24 - 5*q**3/6 + 12*q**2 + 2. Let l be m(g). Let p(j) = -2*j**2 + 2*j. Determine p(l).
-4
Let v(z) be the first derivative of 2*z**3/3 + 9*z**2/2 + 4*z - 12. Give v(-5).
9
Let b(a) = -a**2 + 7*a + 48. Let l(x) = -3*x**2 + 23*x + 147. Let n(k) = -10*b(k) + 3*l(k). Give n(0).
-39
Let r(z) be the second derivative of -z**4/6 + 62*z**3/3 - 122*z**2 - 14316*z. Calculate r(2).
-4
Let k(x) = -5*x + 8. Suppose -25*r + 23 = -52. Suppose 0 = 5*z - r*o - 35, 3*z = -3*o - 9 + 30. Give k(z).
-27
Let g(n) be the second derivative of -1/2*n**3 + 39/2*n**2 - n - 2 + 1/8*n**4. Let w(c) be the first derivative of g(c). What is w(3)?
6
Let h(s) be the third derivative of -7/60*s**6 + 0*s + 3 - 5*s**2 - 1/6*s**3 + 1/24*s**4 + 0*s**5. Calculate h(1).
-14
Suppose 5*m = 4*l + 37, -3*l = -4*m - 150 + 180. Let g(r) = -r**3 + 11*r**2 - 9*r + 14. Determine g(m).
95
Suppose -4*u + 11 = -3*a + 6*a, -u - 3*a = -5. Let g(l) = 51*l + 5 - 4 - 54*l - l**u. Give g(-3).
1
Let x(o) = -42 - 39 + 86 + 10*o - 5*o - 2*o. Give x(3).
14
Suppose -4*b + 4 = 0, 5*g + 3*b - 11 = g. Suppose 8*z - g*z = 390. Let x = -64 + z. Let o(c) = 12*c**2 - 2*c + 1. Give o(x).
11
Suppose n + 23 = 5*u - n, -3*n = -u + 2. Suppose 3*k = -j + 9, j - u*k - 1 + 16 = 0. Let y(g) = -6*g + 5*g + j - 8. Determine y(-7).
-1
Let k be ((108/(-5))/6)/((-2)/(-5)). Suppose 4*y + 13 + 17 = -5*f, 2*y + 6 = 2*f. Let z be ((30/7)/y)/(k/42). Let n(l) = -l**3 + 5*l**2 - 2*l + 1. Give n(z).
9
Let j(l) = l**3 + 17*l**2 + 12*l - 23. Suppose -94*q - 450 - 556 = 498. Calculate j(q).
41
Let c(a) = 0*a + 174488 + 2*a + 24*a - 174491. What is c(1)?
23
Suppose 85*c - 3869 = -116*c - 1055. Let f(q) = -3*q. What is f(c)?
-42
Let d(j) = -j**2 - j. Let g(a) = 2*a**2 - 2*a - 3. Let k(v) = 2*v + 9. Let b be k(-5). Let p(l) = b*d(l) - g(l). Suppose -10*x - 11 = 9. Calculate p(x).
-7
Let d(t) = 2*t + 7. Let f(s) be the third derivative of -33*s**2 + 1/60*s**5 + 3*s**3 + 0*s + 7/12*s**4 + 0. Let g be f(-13). Determine d(g).
17
Let v(p) = p + 67. Let c(u) = -10*u - 605. Let a(o) = 6*c(o) + 55*v(o). Determine a(16).
-25
Suppose 2*m + 75 = 5*t, 3*t - 44 = -3*m + 22. Let z(b) = -b**2 + 22*b - 93. Give z(t).
-8
Let a(v) = -3*v**2 + 21*v + 32. Let g be a(8). Let k(y) = y**3 - g*y + 4 + 7*y**2 + 7*y + y**2 - 2*y**2. Determine k(-6).
10
Let s be 4 + -14 + 52 + -38. Let t(g) = 6*g - 29. What is t(s)?
-5
Let c(n) be the third derivative of -1/10*n**5 + 0*n + 0 - 1/120*n**6 - 5/24*n**4 + 1/6*n**3 + 5*n**2. Let h = 13 - 18. Calculate c(h).
1
Let p(x) be the third derivative of -x**6/360 - 7*x**5/120 + 47*x**4/24 + 27*x**2. Let r(w) be the second derivative of p(w). Calculate r(6).
-19
Let f(a) = -a**3 - a**2 + 15*a + 9. Let u be (6 + 18/(-4))*80/(-30). Calculate f(u).
-3
Let j(h) = -548*h + 242*h + 315*h + 25. Calculate j(-4).
-11
Let n(f) = -f. Let z(c) = c**2 - 6*c + 15. Let s(m) = -6*n(m) - z(m). Let i(j) = -2*j**3 - 22*j**2 + 2*j + 32. Let l be i(-11). Calculate s(l).
5
Let l